{"id":93,"date":"2024-06-06T15:32:33","date_gmt":"2024-06-06T15:32:33","guid":{"rendered":"https:\/\/lipoedem-zentrum-aachen.de\/?page_id=93"},"modified":"2025-05-19T11:30:02","modified_gmt":"2025-05-19T11:30:02","slug":"kerstin-kreiterling","status":"publish","type":"page","link":"https:\/\/lipoedem-zentrum-aachen.de\/index.php\/unser-team\/kerstin-kreiterling\/","title":{"rendered":"Kerstin Kreiterling"},"content":{"rendered":"\t\t<div data-elementor-type=\"wp-page\" data-elementor-id=\"93\" class=\"elementor elementor-93\" data-elementor-post-type=\"page\">\n\t\t\t\t<div class=\"elementor-element elementor-element-c850064 e-flex e-con-boxed e-con e-parent\" data-id=\"c850064\" data-element_type=\"container\" data-e-type=\"container\">\n\t\t\t\t\t<div class=\"e-con-inner\">\n\t\t\t\t<div class=\"elementor-element elementor-element-30e0f3d elementor-widget elementor-widget-heading\" data-id=\"30e0f3d\" data-element_type=\"widget\" data-e-type=\"widget\" data-widget_type=\"heading.default\">\n\t\t\t\t<div class=\"elementor-widget-container\">\n\t\t\t\t\t<h1 class=\"elementor-heading-title elementor-size-default\">Kerstin Kreiterling<\/h1>\t\t\t\t<\/div>\n\t\t\t\t<\/div>\n\t\t\t\t<div class=\"elementor-element elementor-element-8b1f029 elementor-widget elementor-widget-text-editor\" data-id=\"8b1f029\" data-element_type=\"widget\" data-e-type=\"widget\" data-widget_type=\"text-editor.default\">\n\t\t\t\t<div class=\"elementor-widget-container\">\n\t\t\t\t\t\t\t\t\t<p><\/p>\n<p style=\"text-align: center;\">zertifizierte Ern\u00e4hrungsberaterin und Lip\u00f6dem-Betroffene\u00a0<\/p>\n<p><\/p>\t\t\t\t\t\t\t\t<\/div>\n\t\t\t\t<\/div>\n\t\t\t\t\t<\/div>\n\t\t\t\t<\/div>\n\t\t<div class=\"elementor-element elementor-element-2e3854c e-flex e-con-boxed e-con e-parent\" data-id=\"2e3854c\" data-element_type=\"container\" data-e-type=\"container\">\n\t\t\t\t\t<div class=\"e-con-inner\">\n\t\t<div class=\"elementor-element elementor-element-38f4ec7 e-con-full e-flex e-con e-child\" data-id=\"38f4ec7\" data-element_type=\"container\" data-e-type=\"container\">\n\t\t\t\t<div class=\"elementor-element elementor-element-9805531 elementor-widget elementor-widget-image\" data-id=\"9805531\" data-element_type=\"widget\" data-e-type=\"widget\" data-widget_type=\"image.default\">\n\t\t\t\t<div class=\"elementor-widget-container\">\n\t\t\t\t\t\t\t\t\t\t\t\t<figure class=\"wp-caption\">\n\t\t\t\t\t\t\t\t\t\t<img fetchpriority=\"high\" decoding=\"async\" width=\"267\" height=\"300\" src=\"https:\/\/lipoedem-zentrum-aachen.de\/wp-content\/uploads\/2024\/08\/kerstin-kreiterling-267x300.webp\" class=\"attachment-medium size-medium wp-image-728\" alt=\"kerstin-kreiterling\" srcset=\"https:\/\/lipoedem-zentrum-aachen.de\/wp-content\/uploads\/2024\/08\/kerstin-kreiterling-267x300.webp 267w, https:\/\/lipoedem-zentrum-aachen.de\/wp-content\/uploads\/2024\/08\/kerstin-kreiterling-768x863.webp 768w, https:\/\/lipoedem-zentrum-aachen.de\/wp-content\/uploads\/2024\/08\/kerstin-kreiterling.webp 816w\" sizes=\"(max-width: 267px) 100vw, 267px\" \/>\t\t\t\t\t\t\t\t\t\t\t<figcaption class=\"widget-image-caption wp-caption-text\">Kerstin Kreiterling<br>zertifizierte Ern\u00e4hrungsberaterin<\/figcaption>\n\t\t\t\t\t\t\t\t\t\t<\/figure>\n\t\t\t\t\t\t\t\t\t<\/div>\n\t\t\t\t<\/div>\n\t\t\t\t<\/div>\n\t\t<div class=\"elementor-element elementor-element-9053266 e-con-full e-flex e-con e-child\" data-id=\"9053266\" data-element_type=\"container\" data-e-type=\"container\">\n\t\t\t\t<div class=\"elementor-element elementor-element-3342f19 elementor-widget elementor-widget-text-editor\" data-id=\"3342f19\" data-element_type=\"widget\" data-e-type=\"widget\" data-widget_type=\"text-editor.default\">\n\t\t\t\t<div class=\"elementor-widget-container\">\n\t\t\t\t\t\t\t\t\t<p>Als zertifizierte Ern\u00e4hrungsberaterin und Lip\u00f6dem-Betroffene liegt Kerstin Kreiterling das Thema Ern\u00e4hrung schon lange am Herzen.<\/p>\n<p>Ihre eigenen Erfahrungen, die welche sie durch ihre eigene Lip\u00f6dem-Erkrankung gesammelt hat, helfen,\u00a0 individuell und einf\u00fchlsam zu beraten.<\/p>\n<p>Eine ausgewogene und abwechslungsreiche Ern\u00e4hrung spielt eine entscheidende Rolle im Ern\u00e4hrungscoaching, ist lecker und kein Verzicht.\u00a0<\/p>\t\t\t\t\t\t\t\t<\/div>\n\t\t\t\t<\/div>\n\t\t\t\t<div class=\"elementor-element elementor-element-afa7030 elementor-widget elementor-widget-heading\" data-id=\"afa7030\" data-element_type=\"widget\" data-e-type=\"widget\" data-widget_type=\"heading.default\">\n\t\t\t\t<div class=\"elementor-widget-container\">\n\t\t\t\t\t<h2 class=\"elementor-heading-title elementor-size-default\">Beratungen<\/h2>\t\t\t\t<\/div>\n\t\t\t\t<\/div>\n\t\t\t\t<div class=\"elementor-element elementor-element-6095cc9 elementor-widget elementor-widget-text-editor\" data-id=\"6095cc9\" data-element_type=\"widget\" data-e-type=\"widget\" data-widget_type=\"text-editor.default\">\n\t\t\t\t<div class=\"elementor-widget-container\">\n\t\t\t\t\t\t\t\t\t<p>Beratungen von Fr. Kreiterling finden entweder in der <a href=\"https:\/\/www.domhofklinik.de\/\">Domhof Klinik<\/a> oder in ihrer Praxis statt.\u00a0<\/p>\n<p>Die Adresse der Praxis lautet:<\/p>\n<p>Oppenoffallee 2<br \/>52066 Aachen<\/p>\t\t\t\t\t\t\t\t<\/div>\n\t\t\t\t<\/div>\n\t\t\t\t<div class=\"elementor-element elementor-element-4b8aeed elementor-widget elementor-widget-heading\" data-id=\"4b8aeed\" data-element_type=\"widget\" data-e-type=\"widget\" data-widget_type=\"heading.default\">\n\t\t\t\t<div class=\"elementor-widget-container\">\n\t\t\t\t\t<h2 class=\"elementor-heading-title elementor-size-default\">Kontakt Kerstin Kreiterling<\/h2>\t\t\t\t<\/div>\n\t\t\t\t<\/div>\n\t\t\t\t<div class=\"elementor-element elementor-element-3a7217f elementor-icon-list--layout-traditional elementor-list-item-link-full_width elementor-widget elementor-widget-icon-list\" data-id=\"3a7217f\" data-element_type=\"widget\" data-e-type=\"widget\" data-widget_type=\"icon-list.default\">\n\t\t\t\t<div class=\"elementor-widget-container\">\n\t\t\t\t\t\t\t<ul class=\"elementor-icon-list-items\">\n\t\t\t\t\t\t\t<li class=\"elementor-icon-list-item\">\n\t\t\t\t\t\t\t\t\t\t\t<span class=\"elementor-icon-list-icon\">\n\t\t\t\t\t\t\t<svg aria-hidden=\"true\" class=\"e-font-icon-svg e-fas-phone\" viewBox=\"0 0 512 512\" xmlns=\"http:\/\/www.w3.org\/2000\/svg\"><path d=\"M493.4 24.6l-104-24c-11.3-2.6-22.9 3.3-27.5 13.9l-48 112c-4.2 9.8-1.4 21.3 6.9 28l60.6 49.6c-36 76.7-98.9 140.5-177.2 177.2l-49.6-60.6c-6.8-8.3-18.2-11.1-28-6.9l-112 48C3.9 366.5-2 378.1.6 389.4l24 104C27.1 504.2 36.7 512 48 512c256.1 0 464-207.5 464-464 0-11.2-7.7-20.9-18.6-23.4z\"><\/path><\/svg>\t\t\t\t\t\t<\/span>\n\t\t\t\t\t\t\t\t\t\t<span class=\"elementor-icon-list-text\">0241 5100 8444<\/span>\n\t\t\t\t\t\t\t\t\t<\/li>\n\t\t\t\t\t\t\t\t<li class=\"elementor-icon-list-item\">\n\t\t\t\t\t\t\t\t\t\t\t<a href=\"mailto:kerstin@kerstinkreiterling.de\">\n\n\t\t\t\t\t\t\t\t\t\t\t\t<span class=\"elementor-icon-list-icon\">\n\t\t\t\t\t\t\t<svg aria-hidden=\"true\" class=\"e-font-icon-svg e-far-envelope\" viewBox=\"0 0 512 512\" xmlns=\"http:\/\/www.w3.org\/2000\/svg\"><path d=\"M464 64H48C21.49 64 0 85.49 0 112v288c0 26.51 21.49 48 48 48h416c26.51 0 48-21.49 48-48V112c0-26.51-21.49-48-48-48zm0 48v40.805c-22.422 18.259-58.168 46.651-134.587 106.49-16.841 13.247-50.201 45.072-73.413 44.701-23.208.375-56.579-31.459-73.413-44.701C106.18 199.465 70.425 171.067 48 152.805V112h416zM48 400V214.398c22.914 18.251 55.409 43.862 104.938 82.646 21.857 17.205 60.134 55.186 103.062 54.955 42.717.231 80.509-37.199 103.053-54.947 49.528-38.783 82.032-64.401 104.947-82.653V400H48z\"><\/path><\/svg>\t\t\t\t\t\t<\/span>\n\t\t\t\t\t\t\t\t\t\t<span class=\"elementor-icon-list-text\">kerstin@kerstinkreiterling.de<\/span>\n\t\t\t\t\t\t\t\t\t\t\t<\/a>\n\t\t\t\t\t\t\t\t\t<\/li>\n\t\t\t\t\t\t<\/ul>\n\t\t\t\t\t\t<\/div>\n\t\t\t\t<\/div>\n\t\t\t\t<div class=\"elementor-element elementor-element-2ffeeef elementor-align-center e-transform elementor-widget elementor-widget-button\" data-id=\"2ffeeef\" data-element_type=\"widget\" data-e-type=\"widget\" data-settings=\"{&quot;_transform_scale_effect_hover&quot;:{&quot;unit&quot;:&quot;px&quot;,&quot;size&quot;:1.1,&quot;sizes&quot;:[]},&quot;_transform_scale_effect_hover_tablet&quot;:{&quot;unit&quot;:&quot;px&quot;,&quot;size&quot;:&quot;&quot;,&quot;sizes&quot;:[]},&quot;_transform_scale_effect_hover_mobile&quot;:{&quot;unit&quot;:&quot;px&quot;,&quot;size&quot;:&quot;&quot;,&quot;sizes&quot;:[]}}\" data-widget_type=\"button.default\">\n\t\t\t\t<div class=\"elementor-widget-container\">\n\t\t\t\t\t\t\t\t\t<div class=\"elementor-button-wrapper\">\n\t\t\t\t\t<a class=\"elementor-button elementor-button-link elementor-size-sm\" href=\"https:\/\/www.kerstinkreiterling.de\/\" target=\"_blank\">\n\t\t\t\t\t\t<span class=\"elementor-button-content-wrapper\">\n\t\t\t\t\t\t\t\t\t<span class=\"elementor-button-text\">Zur Webseite von Kerstin Kreiterling<\/span>\n\t\t\t\t\t<\/span>\n\t\t\t\t\t<\/a>\n\t\t\t\t<\/div>\n\t\t\t\t\t\t\t\t<\/div>\n\t\t\t\t<\/div>\n\t\t\t\t<\/div>\n\t\t\t\t\t<\/div>\n\t\t\t\t<\/div>\n\t\t\t\t<\/div>\n\t\t","protected":false},"excerpt":{"rendered":"<p>Kerstin Kreiterling zertifizierte Ern\u00e4hrungsberaterin und Lip\u00f6dem-Betroffene\u00a0 Kerstin Kreiterlingzertifizierte Ern\u00e4hrungsberaterin Als zertifizierte Ern\u00e4hrungsberaterin und Lip\u00f6dem-Betroffene liegt Kerstin Kreiterling das Thema Ern\u00e4hrung schon lange am Herzen. Ihre eigenen Erfahrungen, die welche sie durch ihre eigene Lip\u00f6dem-Erkrankung gesammelt hat, helfen,\u00a0 individuell und einf\u00fchlsam zu beraten. Eine ausgewogene und abwechslungsreiche Ern\u00e4hrung spielt eine entscheidende Rolle im Ern\u00e4hrungscoaching, ist lecker [&hellip;]<\/p>\n","protected":false},"author":1,"featured_media":728,"parent":65,"menu_order":0,"comment_status":"closed","ping_status":"closed","template":"","meta":{"footnotes":""},"class_list":["post-93","page","type-page","status-publish","has-post-thumbnail","hentry"],"yoast_head":"<!-- This site is optimized with the Yoast SEO plugin v27.5 - https:\/\/yoast.com\/product\/yoast-seo-wordpress\/ -->\n<title>Kerstin Kreiterling - Lip\u00f6dem Zentrum Aachen<\/title>\n<meta name=\"description\" content=\"Kerstin Kreiterling - Ern\u00e4hrungsberaterin und selbst Lip\u00f6dem betroffen - Hilfe im Bereich Ern\u00e4hrung im Lip\u00f6dem Zentrum Aachen\" \/>\n<meta name=\"robots\" content=\"index, follow, max-snippet:-1, max-image-preview:large, max-video-preview:-1\" \/>\n<link rel=\"canonical\" href=\"https:\/\/lipoedem-zentrum-aachen.de\/index.php\/unser-team\/kerstin-kreiterling\/\" \/>\n<meta property=\"og:locale\" content=\"de_DE\" \/>\n<meta property=\"og:type\" content=\"article\" \/>\n<meta property=\"og:title\" content=\"Kerstin Kreiterling - Lip\u00f6dem Zentrum Aachen\" \/>\n<meta property=\"og:description\" content=\"Kerstin Kreiterling - Ern\u00e4hrungsberaterin und selbst Lip\u00f6dem betroffen - Hilfe im Bereich Ern\u00e4hrung im Lip\u00f6dem Zentrum Aachen\" \/>\n<meta property=\"og:url\" content=\"https:\/\/lipoedem-zentrum-aachen.de\/index.php\/unser-team\/kerstin-kreiterling\/\" \/>\n<meta property=\"og:site_name\" content=\"Lip\u00f6dem Zentrum Aachen\" \/>\n<meta property=\"article:modified_time\" content=\"2025-05-19T11:30:02+00:00\" \/>\n<meta property=\"og:image\" content=\"https:\/\/lipoedem-zentrum-aachen.de\/wp-content\/uploads\/2024\/08\/kerstin-kreiterling.webp\" \/>\n\t<meta property=\"og:image:width\" content=\"816\" \/>\n\t<meta property=\"og:image:height\" content=\"917\" \/>\n\t<meta property=\"og:image:type\" content=\"image\/webp\" \/>\n<meta name=\"twitter:card\" content=\"summary_large_image\" \/>\n<meta name=\"twitter:label1\" content=\"Gesch\u00e4tzte Lesezeit\" \/>\n\t<meta name=\"twitter:data1\" content=\"1\u00a0Minute\" \/>\n<script type=\"application\/ld+json\" class=\"yoast-schema-graph\">{\"@context\":\"https:\\\/\\\/schema.org\",\"@graph\":[{\"@type\":\"WebPage\",\"@id\":\"https:\\\/\\\/lipoedem-zentrum-aachen.de\\\/index.php\\\/unser-team\\\/kerstin-kreiterling\\\/\",\"url\":\"https:\\\/\\\/lipoedem-zentrum-aachen.de\\\/index.php\\\/unser-team\\\/kerstin-kreiterling\\\/\",\"name\":\"Kerstin Kreiterling - Lip\u00f6dem Zentrum Aachen\",\"isPartOf\":{\"@id\":\"https:\\\/\\\/lipoedem-zentrum-aachen.de\\\/#website\"},\"primaryImageOfPage\":{\"@id\":\"https:\\\/\\\/lipoedem-zentrum-aachen.de\\\/index.php\\\/unser-team\\\/kerstin-kreiterling\\\/#primaryimage\"},\"image\":{\"@id\":\"https:\\\/\\\/lipoedem-zentrum-aachen.de\\\/index.php\\\/unser-team\\\/kerstin-kreiterling\\\/#primaryimage\"},\"thumbnailUrl\":\"https:\\\/\\\/lipoedem-zentrum-aachen.de\\\/wp-content\\\/uploads\\\/2024\\\/08\\\/kerstin-kreiterling.webp\",\"datePublished\":\"2024-06-06T15:32:33+00:00\",\"dateModified\":\"2025-05-19T11:30:02+00:00\",\"description\":\"Kerstin Kreiterling - Ern\u00e4hrungsberaterin und selbst Lip\u00f6dem betroffen - Hilfe im Bereich Ern\u00e4hrung im Lip\u00f6dem Zentrum Aachen\",\"breadcrumb\":{\"@id\":\"https:\\\/\\\/lipoedem-zentrum-aachen.de\\\/index.php\\\/unser-team\\\/kerstin-kreiterling\\\/#breadcrumb\"},\"inLanguage\":\"de\",\"potentialAction\":[{\"@type\":\"ReadAction\",\"target\":[\"https:\\\/\\\/lipoedem-zentrum-aachen.de\\\/index.php\\\/unser-team\\\/kerstin-kreiterling\\\/\"]}]},{\"@type\":\"ImageObject\",\"inLanguage\":\"de\",\"@id\":\"https:\\\/\\\/lipoedem-zentrum-aachen.de\\\/index.php\\\/unser-team\\\/kerstin-kreiterling\\\/#primaryimage\",\"url\":\"https:\\\/\\\/lipoedem-zentrum-aachen.de\\\/wp-content\\\/uploads\\\/2024\\\/08\\\/kerstin-kreiterling.webp\",\"contentUrl\":\"https:\\\/\\\/lipoedem-zentrum-aachen.de\\\/wp-content\\\/uploads\\\/2024\\\/08\\\/kerstin-kreiterling.webp\",\"width\":816,\"height\":917,\"caption\":\"Kerstin Kreiterling zertifizierte Ern\u00e4hrungsberaterin\"},{\"@type\":\"BreadcrumbList\",\"@id\":\"https:\\\/\\\/lipoedem-zentrum-aachen.de\\\/index.php\\\/unser-team\\\/kerstin-kreiterling\\\/#breadcrumb\",\"itemListElement\":[{\"@type\":\"ListItem\",\"position\":1,\"name\":\"Startseite\",\"item\":\"https:\\\/\\\/lipoedem-zentrum-aachen.de\\\/\"},{\"@type\":\"ListItem\",\"position\":2,\"name\":\"Unser Team\",\"item\":\"https:\\\/\\\/lipoedem-zentrum-aachen.de\\\/index.php\\\/unser-team\\\/\"},{\"@type\":\"ListItem\",\"position\":3,\"name\":\"Kerstin Kreiterling\"}]},{\"@type\":\"WebSite\",\"@id\":\"https:\\\/\\\/lipoedem-zentrum-aachen.de\\\/#website\",\"url\":\"https:\\\/\\\/lipoedem-zentrum-aachen.de\\\/\",\"name\":\"Lip\u00f6dem Zentrum Aachen\",\"description\":\"wir wollen Ihnen helfen!\",\"potentialAction\":[{\"@type\":\"SearchAction\",\"target\":{\"@type\":\"EntryPoint\",\"urlTemplate\":\"https:\\\/\\\/lipoedem-zentrum-aachen.de\\\/?s={search_term_string}\"},\"query-input\":{\"@type\":\"PropertyValueSpecification\",\"valueRequired\":true,\"valueName\":\"search_term_string\"}}],\"inLanguage\":\"de\"}]}<\/script>\n<!-- \/ Yoast SEO plugin. -->","yoast_head_json":{"title":"Kerstin Kreiterling - Lip\u00f6dem Zentrum Aachen","description":"Kerstin Kreiterling - Ern\u00e4hrungsberaterin und selbst Lip\u00f6dem betroffen - Hilfe im Bereich Ern\u00e4hrung im Lip\u00f6dem Zentrum Aachen","robots":{"index":"index","follow":"follow","max-snippet":"max-snippet:-1","max-image-preview":"max-image-preview:large","max-video-preview":"max-video-preview:-1"},"canonical":"https:\/\/lipoedem-zentrum-aachen.de\/index.php\/unser-team\/kerstin-kreiterling\/","og_locale":"de_DE","og_type":"article","og_title":"Kerstin Kreiterling - Lip\u00f6dem Zentrum Aachen","og_description":"Kerstin Kreiterling - Ern\u00e4hrungsberaterin und selbst Lip\u00f6dem betroffen - Hilfe im Bereich Ern\u00e4hrung im Lip\u00f6dem Zentrum Aachen","og_url":"https:\/\/lipoedem-zentrum-aachen.de\/index.php\/unser-team\/kerstin-kreiterling\/","og_site_name":"Lip\u00f6dem Zentrum Aachen","article_modified_time":"2025-05-19T11:30:02+00:00","og_image":[{"width":816,"height":917,"url":"https:\/\/lipoedem-zentrum-aachen.de\/wp-content\/uploads\/2024\/08\/kerstin-kreiterling.webp","type":"image\/webp"}],"twitter_card":"summary_large_image","twitter_misc":{"Gesch\u00e4tzte Lesezeit":"1\u00a0Minute"},"schema":{"@context":"https:\/\/schema.org","@graph":[{"@type":"WebPage","@id":"https:\/\/lipoedem-zentrum-aachen.de\/index.php\/unser-team\/kerstin-kreiterling\/","url":"https:\/\/lipoedem-zentrum-aachen.de\/index.php\/unser-team\/kerstin-kreiterling\/","name":"Kerstin Kreiterling - Lip\u00f6dem Zentrum Aachen","isPartOf":{"@id":"https:\/\/lipoedem-zentrum-aachen.de\/#website"},"primaryImageOfPage":{"@id":"https:\/\/lipoedem-zentrum-aachen.de\/index.php\/unser-team\/kerstin-kreiterling\/#primaryimage"},"image":{"@id":"https:\/\/lipoedem-zentrum-aachen.de\/index.php\/unser-team\/kerstin-kreiterling\/#primaryimage"},"thumbnailUrl":"https:\/\/lipoedem-zentrum-aachen.de\/wp-content\/uploads\/2024\/08\/kerstin-kreiterling.webp","datePublished":"2024-06-06T15:32:33+00:00","dateModified":"2025-05-19T11:30:02+00:00","description":"Kerstin Kreiterling - Ern\u00e4hrungsberaterin und selbst Lip\u00f6dem betroffen - Hilfe im Bereich Ern\u00e4hrung im Lip\u00f6dem Zentrum Aachen","breadcrumb":{"@id":"https:\/\/lipoedem-zentrum-aachen.de\/index.php\/unser-team\/kerstin-kreiterling\/#breadcrumb"},"inLanguage":"de","potentialAction":[{"@type":"ReadAction","target":["https:\/\/lipoedem-zentrum-aachen.de\/index.php\/unser-team\/kerstin-kreiterling\/"]}]},{"@type":"ImageObject","inLanguage":"de","@id":"https:\/\/lipoedem-zentrum-aachen.de\/index.php\/unser-team\/kerstin-kreiterling\/#primaryimage","url":"https:\/\/lipoedem-zentrum-aachen.de\/wp-content\/uploads\/2024\/08\/kerstin-kreiterling.webp","contentUrl":"https:\/\/lipoedem-zentrum-aachen.de\/wp-content\/uploads\/2024\/08\/kerstin-kreiterling.webp","width":816,"height":917,"caption":"Kerstin Kreiterling zertifizierte Ern\u00e4hrungsberaterin"},{"@type":"BreadcrumbList","@id":"https:\/\/lipoedem-zentrum-aachen.de\/index.php\/unser-team\/kerstin-kreiterling\/#breadcrumb","itemListElement":[{"@type":"ListItem","position":1,"name":"Startseite","item":"https:\/\/lipoedem-zentrum-aachen.de\/"},{"@type":"ListItem","position":2,"name":"Unser Team","item":"https:\/\/lipoedem-zentrum-aachen.de\/index.php\/unser-team\/"},{"@type":"ListItem","position":3,"name":"Kerstin Kreiterling"}]},{"@type":"WebSite","@id":"https:\/\/lipoedem-zentrum-aachen.de\/#website","url":"https:\/\/lipoedem-zentrum-aachen.de\/","name":"Lip\u00f6dem Zentrum Aachen","description":"wir wollen Ihnen helfen!","potentialAction":[{"@type":"SearchAction","target":{"@type":"EntryPoint","urlTemplate":"https:\/\/lipoedem-zentrum-aachen.de\/?s={search_term_string}"},"query-input":{"@type":"PropertyValueSpecification","valueRequired":true,"valueName":"search_term_string"}}],"inLanguage":"de"}]}},"_links":{"self":[{"href":"https:\/\/lipoedem-zentrum-aachen.de\/index.php\/wp-json\/wp\/v2\/pages\/93","targetHints":{"allow":["GET"]}}],"collection":[{"href":"https:\/\/lipoedem-zentrum-aachen.de\/index.php\/wp-json\/wp\/v2\/pages"}],"about":[{"href":"https:\/\/lipoedem-zentrum-aachen.de\/index.php\/wp-json\/wp\/v2\/types\/page"}],"author":[{"embeddable":true,"href":"https:\/\/lipoedem-zentrum-aachen.de\/index.php\/wp-json\/wp\/v2\/users\/1"}],"replies":[{"embeddable":true,"href":"https:\/\/lipoedem-zentrum-aachen.de\/index.php\/wp-json\/wp\/v2\/comments?post=93"}],"version-history":[{"count":0,"href":"https:\/\/lipoedem-zentrum-aachen.de\/index.php\/wp-json\/wp\/v2\/pages\/93\/revisions"}],"up":[{"embeddable":true,"href":"https:\/\/lipoedem-zentrum-aachen.de\/index.php\/wp-json\/wp\/v2\/pages\/65"}],"wp:featuredmedia":[{"embeddable":true,"href":"https:\/\/lipoedem-zentrum-aachen.de\/index.php\/wp-json\/wp\/v2\/media\/728"}],"wp:attachment":[{"href":"https:\/\/lipoedem-zentrum-aachen.de\/index.php\/wp-json\/wp\/v2\/media?parent=93"}],"curies":[{"name":"wp","href":"https:\/\/api.w.org\/{rel}","templated":true}]}}